. Let f = -30 + b. What are the prime factors of f?
7
Suppose -y = -2*i + 11, 0*y - y = 4*i - 19. Suppose i*s - 400 - 245 = 0. What are the prime factors of s?
3, 43
Let c(g) = -g**2 + 9*g - 9. Let t be c(8). List the prime factors of 2 - (3 + 5/t).
2
Let l = -55 + 79. Suppose -2*w - w - l = 0. What are the prime factors of 1/(-3)*(-47 - w)?
13
Let g(u) = 8*u**3 - u**2 - 7*u - 10. Let c(s) = -5*s**3 + s**2 + 5*s + 7. Let a(x) = -7*c(x) - 5*g(x). List the prime factors of a(-3).
2, 59
What are the prime factors of 15/(-10)*(-46)/3*11?
11, 23
Let f(k) = 3*k + 43. List the prime factors of f(12).
79
Let t(f) = 69*f + 20. Let j be t(4). Suppose 4*q - 604 = -4*r, 9*q - 7*q + 4*r = j. List the prime factors of q.
2, 7, 11
Let x be 10*(-3 + 7/2). Suppose -c + x = 3*l, c + 1 = l + 2. Suppose -h + 30 = -v + c*v, 2*h - 63 = -v. List the prime factors of h.
3, 11
Suppose -16*g - 962 + 5346 = 0. What are the prime factors of g?
2, 137
Suppose 0 = -2*a - 5*o - 829, -3 - 6 = -3*o. What are the prime factors of 30/60*a/(-1)?
211
Let h be -3 + (11 - (-12)/(-4)). Suppose -u = h*c - c - 62, u - 38 = 4*c. List the prime factors of u.
2, 5
Let x = 27 - 33. What are the prime factors of (-2 - 34)*20/x?
2, 3, 5
Let q = 0 - -9. Let s(n) = -n**2 + 2*n + 2. Let r be s(5). Let a = q - r. List the prime factors of a.
2, 11
Let n(s) = -s**3 + 4*s**2 + 4*s - 5. Let b be n(4). Suppose 4*f - b = 5. Suppose 76 = 3*q + 4*l, -7*l - 47 = -q - f*l. List the prime factors of q.
2
What are the prime factors of 69/(4/(-10)*90/(-96))?
2, 23
Let f(x) = 4*x - 41. Let m be f(9). Let c(a) = -48*a + 10. List the prime factors of c(m).
2, 5
Suppose 5*q + 0 = -5*l - 5, -4*l - 3*q = 1. Suppose 6 = k - l*k. What are the prime factors of (k/(-8))/(3/24)?
2, 3
Suppose 5*i + 2 - 12 = 0. Suppose 784 = 4*a - i*c + 6*c, -2*c = 5*a - 977. What are the prime factors of a?
3, 5, 13
Suppose -83*j = -84*j + 6. Suppose 474 = -j*y + 9*y. What are the prime factors of y?
2, 79
Let p(d) = -14*d**2 - 6*d - 6. Let i(v) = 5*v**2 + 2*v + 2. Let u(w) = 17*i(w) + 6*p(w). Let a be u(-2). List the prime factors of 8/a*54/12.
2, 3
Suppose -525 - 511 = -4*w + m, 3*w - m - 777 = 0. Suppose -w = -3*a + 104. What are the prime factors of a?
11
Let n be -21*((-8)/6)/1. Let u be 1269/(-12) - 7/n. Let o = 178 + u. What are the prime factors of o?
2, 3
Let k be ((-16)/(4/1))/(-2). Suppose -150 = -c - x + 4*x, 4*x - 260 = -k*c. List the prime factors of c.
2, 3, 23
Suppose 33*n - 36011 = 58270. List the prime factors of n.
2857
Let r(f) = 301*f + 10. Let y = 120 + -119. List the prime factors of r(y).
311
Let g = -227 - -28. Let l = 384 + g. List the prime factors of l.
5, 37
Suppose 4*b = f + 25, 4*b - 2*f = -8 + 38. Let o(g) = -3*g + b*g - 1 - 4*g + 3*g. List the prime factors of o(6).
5
Let m(u) = -u**3 + 37*u**2 - 8*u - 46. List the prime factors of m(36).
2, 13, 37
Let a = 18 + -21. Let s be 16/12*a + 8. Suppose -5 + 17 = s*n. List the prime factors of n.
3
Suppose c - 43 = 2*h, -2*c - 4 = -2. What are the prime factors of h/6*(18 + -36)?
2, 3, 11
What are the prime factors of (378/(-70))/(3/(-290))?
2, 3, 29
Let k(l) be the first derivative of l**3/3 - 13*l**2/2 + 16*l - 11. What are the prime factors of k(12)?
2
Let x = -16 + 26. Suppose 2*h = -5*d + 59, 5*d = -3*h + x + 81. What are the prime factors of h?
2
Suppose q - 2*q + 30 = -5*j, -q + 3*j = -20. Suppose n = q*n. Suppose n = -2*f - f + 78. What are the prime factors of f?
2, 13
Let z = 30 + -18. Suppose z*w - 4*w = 544. List the prime factors of w.
2, 17
Let g(u) be the second derivative of u**4/4 - 7*u**3/3 - u**2 - 4*u. List the prime factors of g(10).
2, 79
Suppose -4*y - 1120 = -4*g, -4*y = 2*g - 7*g + 1399. Let l = g + -154. List the prime factors of l.
5
Let j(v) = -7*v**3 + 7*v**2 + 11*v + 5. Let q(x) = 10*x**3 - 11*x**2 - 17*x - 7. Let m(o) = -7*j(o) - 5*q(o). What are the prime factors of m(6)?
2, 3
Let z = 510 + -419. List the prime factors of z.
7, 13
Let b(s) = -s**2 - s + 50. Let k(v) = -4*v - 7. Let j be k(-7). Let f = 21 - j. What are the prime factors of b(f)?
2, 5
Let v(j) = 8*j**3 - 2*j**2 + 4*j - 1. Let a(h) = -h**3 + h**2 - h + 1. Suppose -8 = -2*w - 2. Let i(y) = w*a(y) + v(y). List the prime factors of i(2).
2, 3
Suppose 0 = -3*r + 5*c - 19, 2*c + 0*c = 5*r. Suppose -r*i = 12 - 40. What are the prime factors of i?
2, 7
Suppose 5*q - 2*q = 3. Suppose -w + 3*x + 8 = q, 4*x = -5*w + 73. What are the prime factors of w?
13
Let k(r) = -66*r + 74. What are the prime factors of k(-8)?
2, 7, 43
Suppose 2*r + 2*d + d = 3293, 6619 = 4*r - 5*d. List the prime factors of r.
13, 127
Let b = 2 + 12. What are the prime factors of 4/b - ((-425)/7)/1?
61
Let v = 89 - 58. Suppose 4*g - 197 = v. List the prime factors of g.
3, 19
Let v = -30 - -83. Let h = 4 + 14. Let d = v - h. List the prime factors of d.
5, 7
Let h = 6857 - 3167. List the prime factors of h.
2, 3, 5, 41
Let y(n) = n - 2. Let z(j) = j**2 - 4*j - 14. Let f be z(7). What are the prime factors of y(f)?
5
Let j be -5 - 2*4/(-8). Suppose i - 2*i + 9 = -3*d, -5*i + d + 3 = 0. What are the prime factors of (-85)/(-20)*(i - j)?
17
Let r be 4784/64 - (-1)/4. Let w = r + 80. List the prime factors of w.
5, 31
Suppose 185*i = 189*i - 2364. What are the prime factors of i?
3, 197
Let b(j) = j**2 + 7*j + 2. Let g be b(-7). Suppose g*i + 3*i = 0. Suppose 0 = -l + 2*l - 5*f + 11, i = -l + 2*f + 1. List the prime factors of l.
3
Let b(h) = h**2 - 22. Let a be 1*0*(-2)/4. Let n be b(a). Let w = n - -39. What are the prime factors of w?
17
Suppose 0 = -4*x + 6 + 2. Let f be 5/(45/27) - (-3 - -2). Suppose -g - 3*g = f*w - 148, g - 37 = -x*w. What are the prime factors of g?
37
Let a(r) = 9*r**2 - 69*r - 10. Let n(s) = 25*s**2 - 206*s - 30. Let v(o) = -17*a(o) + 6*n(o). What are the prime factors of v(-19)?
2, 13
Let y be (5/10)/((-3)/(-402)). Suppose -13 + y = 2*a. List the prime factors of a.
3
Let y(s) = -s**3 + 7*s**2 - 2*s - 5. Let q be y(5). Suppose -5*j + q = 2*j. What are the prime factors of 9/((-9)/(-10))*j?
2, 5
Suppose 0*b + 4498 = 13*b. What are the prime factors of b?
2, 173
Let a(z) = z**3 + 4*z**2 - 4. Let g be a(-3). Suppose 4 = 5*n - 6. Suppose -g*s + 148 = -n*r, 4*s - 46 = -4*r + 50. List the prime factors of s.
2, 7
Suppose 0 = -23*s + 28*s - 1080. What are the prime factors of s?
2, 3
Let o(u) = 10*u**2 + 3*u + 158. List the prime factors of o(-13).
3, 67
Suppose b - 2*b - 3*y + 314 = 0, -5*y + 626 = 2*b. Suppose -784 = -2*u - 3*u + 3*j, -b = -2*u + 4*j. List the prime factors of u.
2, 79
List the prime factors of (-168)/6*(23/(-2) - 4).
2, 7, 31
Let d be (6/4)/((-12)/(-752)). Suppose -r + d = 3*k, 0 = r - 0*k + 2*k - 96. Let p = -71 + r. List the prime factors of p.
29
Suppose -73*a + 85*a - 9348 = 0. What are the prime factors of a?
19, 41
Let q = 247 - 144. Let v = q - 61. Suppose 0 = u - 4*t + 2, -6*t = 3*u - 2*t - v. What are the prime factors of u?
2, 5
Let a be (-5)/1 + 3 + -12. Let y = 19 + a. List the prime factors of ((-2)/y)/((-4)/460).
2, 23
Suppose -4*h - 2*y + 2986 = 0, 2*h - 2*y = -h + 2257. What are the prime factors of h?
7, 107
Let d = 920 - 498. What are the prime factors of d?
2, 211
Let f be -131*(-1)/2 + (-22)/44. Suppose 84 = l - f. What are the prime factors of l?
149
Suppose -3*k = -5*z - 3008, -k + 278 + 2738 = -5*z. Let p = -1098 - z. List the prime factors of p/(-8) + 1/4.
2, 31
Let o(s) = 3*s**3 + 3*s**2 - 10*s + 31. List the prime factors of o(6).
727
Let f(x) = -194*x**3 + 3*x**2 + 10*x + 11. List the prime factors of f(-3).
2, 43, 61
Let n = 17 + -12. Suppose -n*b + 8*b = 159. What are the prime factors of b?
53
Let m be -3 + (-3)/18*2*-207. Let h = 130 - m. What are the prime factors of h?
2
Let c = 95 - 93. What are the prime factors of 6/6 + (c - -28)?
31
Let g = 645 - 645. Let t = -1 + 1. Suppose -3*z - 5*u + 36 = g, z + u - 12 = -t*u. What are the prime factors of z?
2, 3
Let i = -2 - -4. Suppose i*j = j. Suppose j = -w + 2*w - 31. What are the prime factors of w?
31
Let r = 36 - 63. Let u be 6/r + (-616)/(-18). Suppose -4*l + 50 = -u. What are the prime factors of l?
3, 7
Suppose -21*c = -36904 - 203. What are the prime factors of c?
3, 19, 31
Let h(r) = -r**3 - 9*r**2 + 2*r + 10. Let o be h(-11). Suppose 15*f - 370 = o. What are the prime facto